= 2*x - 3*y, -6*x = -c*x + 3*y - 9. Calculate the remainder when 10 - (5 - 3 - 1) is divided by x.
3
Suppose 5*m - 370 = m - 2*k, 0 = -4*m - 5*k + 361. Suppose -3*z - 14*z = -5*z. Suppose -5*u - 105 + 265 = z. What is the remainder when m is divided by u?
30
Calculate the remainder when (-837)/(-6)*(-56)/(-14) is divided by 80.
78
Suppose 24*t = 88*t - 704. What is the remainder when t is divided by (-75)/(-9) - (-4)/6?
2
Let c be (-20)/(-5) + (3 - 5). Suppose c*j - 5*i - 76 = 0, -3*j + 0*j = 3*i - 114. Calculate the remainder when 74 is divided by j.
36
Let n = 1369 - 1318. What is the remainder when 250 is divided by n?
46
Let z = 2604 + -2287. Calculate the remainder when z is divided by 40.
37
Let f be 6*9/(-45)*230/(-4). Let u = -7 + 12. Suppose -6 = -u*p + f. Calculate the remainder when p is divided by 6.
3
Suppose -4*k - 5*t + 36 = -3*k, 4*k - 5*t - 69 = 0. Suppose 4*o + 47 = 11. Let q = k + o. Calculate the remainder when 34 is divided by q.
10
Suppose -77 = -5*d + v, 3*d - 46 = 3*v + 5. Calculate the remainder when 413 is divided by d.
8
Suppose -4*p = -3*j - 3*p - 118, -3*p + 126 = -3*j. What is the remainder when 86 is divided by ((-23)/(-2))/((-19)/j)?
17
Suppose -5*t + 34 + 6 = 0. What is the remainder when (4 - (-44)/(-10))*-90 is divided by t?
4
Suppose -88 = -3*t - 88. Let o(h) = -4*h + 40. Calculate the remainder when 159 is divided by o(t).
39
Suppose -103 + 127 = 5*f + 3*k, -4*k = -4*f. What is the remainder when 403 is divided by f?
1
Suppose 38 = 4*h + 2. What is the remainder when 71 is divided by h?
8
Let g = -29 + 58. Suppose 0 = d + 4*d - 15. Suppose 18 - 51 = -d*q. What is the remainder when g is divided by q?
7
Suppose -7*f + 5*f = -10. Suppose 16 = -4*k - 4, 0 = -f*m + 5*k + 1020. Calculate the remainder when m is divided by 40.
39
Let k = -24 - -25. Let l be 37/4 - (-1)/(-4). Calculate the remainder when 33 is divided by l - (1*-4 + k).
9
Calculate the remainder when 129 is divided by 39 + (2/(-3) - (-26)/(-78)).
15
Suppose -4*w - k + 125 + 100 = 0, 2*w - k - 105 = 0. Calculate the remainder when w is divided by 21.
13
Let g(f) = 2*f + 63. Suppose -4*u = -4*k - 14 + 34, -5*u - 25 = -k. Calculate the remainder when g(k) is divided by 11.
8
Calculate the remainder when 21 is divided by (4/8)/((-1)/(-8)) - -7.
10
Suppose 3*c = 8*g - 5*g - 111, -3*c + 94 = 2*g. What is the remainder when g is divided by (11/2)/(4/8)?
8
Suppose 3*o - 84 = -4*h, 3*o + 3*h = 8*h + 57. Suppose 23 = 3*l + 2*c, 0 = c + 1 + 4. What is the remainder when (-8)/o + 194/6 is divided by l?
10
What is the remainder when 140 is divided by (-4)/3*1161/(-36)?
11
Let g(m) = 4*m**2 - 7*m + 10. Let p = 35 + -33. Calculate the remainder when g(p) is divided by 4.
0
Let c = -1942 + 1981. Calculate the remainder when c is divided by 1.
0
Let n(k) = -k. Let f(a) = 15*a**2 - 4*a. Let v(m) = f(m) - 5*n(m). Let z be v(-1). Suppose -2*p + z = -p. What is the remainder when p is divided by 6?
2
Let m(y) = 6*y**2 + 4*y + 3. Let z be m(-2). Suppose 0 = 4*r + z - 51. What is the remainder when 48/3 - (9 - 13) is divided by r?
4
Let r = 38 - 23. Let o = -12 + 15. Suppose -6*f + r = -o*f. Calculate the remainder when f is divided by 2.
1
Suppose 0 = 5*r + 4*j - 270, 7*r + 3*j = 4*r + 159. Suppose -o + 2 = 2*w, 4*w = 4*o + 2*w - r. Calculate the remainder when o is divided by (5 - -1) + (2 - 1).
5
Suppose 214 = -2*h - 288. Let v = h + 378. What is the remainder when v is divided by 32?
31
Suppose 2*j = -5*x + 3*j + 97, 3*j = x - 11. Let o = 22 - x. What is the remainder when 2 is divided by o?
0
Suppose 4*m + 114 = 38. Let a = -43 - m. Let l = a - -40. What is the remainder when 62 is divided by l?
14
Suppose 5*x + 0*d - 4*d + 28 = 0, -3*x = -4*d + 20. What is the remainder when -4 + 103 + (-5)/((-10)/x) is divided by 9?
7
Let b(o) = -o. Let q be b(-1). Calculate the remainder when 76 + q/((-1)/(-3)) is divided by 16.
15
Suppose 331 = 4*k - 17. What is the remainder when k is divided by 15?
12
What is the remainder when 1 - -3 - 4/(16/(-316)) is divided by 30?
23
Suppose -4*s - 2*x = -8, -4*s + 14 - 4 = x. Calculate the remainder when 11 is divided by s.
2
Suppose p - 4 = -0*p. Suppose -m - x - 5 = -6*x, -p*m - 3*x = -26. What is the remainder when (-9)/(-6)*28/3 is divided by m?
4
Let k = -19 - -36. What is the remainder when 25 is divided by k?
8
Let w be (-2)/6*(1 - 1). Suppose w = o + o - 130. Suppose 0 = 5*h + 2*m - 141, 28 + o = 3*h + 4*m. Calculate the remainder when 52 is divided by h.
25
Let d(w) = 17*w**2 - 9*w + 17. What is the remainder when d(2) is divided by 9?
4
Suppose -27*k + 636 = -21*k. What is the remainder when k is divided by 16?
10
Let s be (2/3 - 4)*96/(-10). Let t = -21 + s. What is the remainder when 29 is divided by t?
7
Suppose 3*q = -5*u - 180, -5*u + u - 131 = 5*q. Let y = -30 - u. Calculate the remainder when 35 is divided by y.
8
Suppose 4*o = 85 + 127. Suppose 0 = -w + 7 + 21. Calculate the remainder when o is divided by w.
25
Let t(c) = -7*c**2 + 19*c - 35. Let n(q) = -6*q**2 + 18*q - 34. Let p(v) = -6*n(v) + 5*t(v). Calculate the remainder when 134 is divided by p(12).
15
Calculate the remainder when 413 is divided by (18/(-10))/(12/(-680)).
5
Let o(c) = -209*c**3 - 5*c**2 - 8*c - 8. Calculate the remainder when o(-2) is divided by 11.
10
Let n(o) = 14*o**3 - 3*o**2 + 9*o - 5. Let f be n(2). Suppose -3*h + 16 = -f. What is the remainder when h is divided by 5?
3
Let j(q) = -q**3 + 3*q**2 - q + 4. Let r be j(3). What is the remainder when (-3)/r*(-168)/9 is divided by 20?
16
Let a = -4 + 4. Let l = 43 - 25. Calculate the remainder when 1/((a + 3)/102) is divided by l.
16
Let b(o) be the first derivative of o**3 + o**2/2 - o - 3. Let l(t) = 36*t - 22. What is the remainder when l(2) is divided by b(2)?
11
What is the remainder when (-2)/(-9) + ((-72930)/(-27))/13 is divided by 30?
28
Suppose 5*c + 88 = -14*d + 15*d, d = 4*c + 88. Calculate the remainder when 172 is divided by d.
84
Let i(r) = -r**2 + 6*r + 31. Let f be i(9). Suppose 3*s - 98 = -f*s. Calculate the remainder when 55 is divided by s.
13
Suppose -3*d = -4*y + 1128, 898*d - 16 = 894*d. Calculate the remainder when y is divided by 7.
5
Suppose 0 = 5*h - 10, 5*h = 2*q - 6*q - 250. Let o = 87 + q. What is the remainder when ((-42)/(-4) - 0)*6 is divided by o?
19
Let a be (-9 + 12)/(3/94). Suppose 3*k = -3*d + 18, -5*d + 25 = -4*k + a. Suppose -14 - 16 = -i. Calculate the remainder when i is divided by k.
8
Let q = -11 - -13. Suppose -5*u - v + q*v + 211 = 0, -u + 63 = 5*v. Calculate the remainder when u is divided by 82/4 - (-3)/2.
21
Suppose -2 = h, -d + 2*h + 36 = -2*h. Let s be d/(-49)*(-14)/4. Suppose -j = i - 10, -s*j - 5*i = -21 - 14. Calculate the remainder when 9 is divided by j.
4
Let c(o) = -2*o + 17. Let j be c(7). Suppose 0 = f + j*f - 104. What is the remainder when f is divided by 14?
12
Suppose -3*l - 24 = -7*l. Suppose 0 = -l*f + 3*f + 18. Suppose -k = -f*k + 375. What is the remainder when k is divided by 19?
18
Let t = 95 + -95. Suppose t = 11*v - 220 + 44. Let c(d) = -d**3 + d**2 + 31. Calculate the remainder when c(0) is divided by v.
15
Let m(k) = -42*k - 439. Calculate the remainder when 170 is divided by m(-11).
9
Let c(d) = 2*d**2 + 22*d - 106. Suppose n + 4*w + 2 + 6 = 0, -5*n = 5*w - 20. Calculate the remainder when c(-16) is divided by n.
6
Let u be (-6 - (-1 + -4))/1. Let h(m) be the first derivative of -57*m**4/2 + m**3/3 + 3*m**2/2 + 2*m + 2. What is the remainder when h(u) is divided by 29?
27
Let w(g) = g - 14 - 4*g + 0*g + 1. Let z be w(-7). Let h = z + 20. What is the remainder when h is divided by 15?
13
Suppose 0 = -w - 2*w + 21. Suppose -30 + 100 = -2*j. Let b = j - -37. Calculate the remainder when w is divided by b.
1
Suppose -c + 280 = -3*c. Let g(p) = -p**2 + 9*p + 9. Calculate the remainder when -3 - (-9)/((-18)/c) is divided by g(8).
16
Suppose 0 = -25*a + 34*a - 1566. What is the remainder when a is divided by 59?
56
Let g(i) = -i**3 + 43*i**2 + 46*i - 75. What is the remainder when 63 is divided by g(44)?
11
Suppose -2*s = s - 30. Let p be (-4)/14 - (-88)/14. Calculate the remainder when 112/3 - p/(-9) is divided by s.
8
Suppose 17*x - 3222 = 161. What is the remainder when x is divided by 32?
7
What is the remainder when (-9 +